24552612 a multiple of 62?
True
Does 2701 divide 111440559?
True
Does 10 divide 43705683?
False
Is 229466670 a multiple of 1011?
True
Is 30435170 a multiple of 634?
True
Does 10 divide 45768338?
False
Is 110318112 a multiple of 16?
True
Does 24 divide 3989902?
False
Is 124240697 a multiple of 46?
False
Does 9 divide 1701454743?
True
Is 320688017 a multiple of 8017?
True
Is 560569129 a multiple of 672?
False
Does 191 divide 142577489?
True
Is 397556442 a multiple of 1179?
True
Does 12 divide 215910204?
True
Is 83642510 a multiple of 809?
True
Does 30 divide 190689251?
False
Is 2425812315 a multiple of 2257?
True
Is 56313756 a multiple of 1572?
True
Does 59 divide 31541298?
False
Is 120 a factor of 10346559?
False
Does 2890 divide 108838629?
False
Does 24 divide 436695480?
True
Is 16389805 a multiple of 71?
False
Is 18175983 a multiple of 15?
False
Is 66 a factor of 39663096?
True
Does 10 divide 21243824?
False
Does 73 divide 102211654?
False
Does 76 divide 115011524?
False
Does 307 divide 44319441?
True
Does 608 divide 234833272?
False
Is 998928486 a multiple of 5162?
False
Does 3755 divide 1108840235?
True
Is 9 a factor of 42832431?
True
Is 114529065 a multiple of 1659?
True
Is 55246141 a multiple of 206?
False
Is 15 a factor of 57680265?
True
Does 805 divide 141452990?
True
Is 2924544188 a multiple of 7118?
True
Does 28 divide 1238832?
True
Does 60 divide 32180414?
False
Is 119523473 a multiple of 49?
False
Is 31619268 a multiple of 19?
True
Does 157 divide 24346861?
False
Is 18 a factor of 1452669566?
False
Is 11156623 a multiple of 2152?
False
Is 37395972 a multiple of 5?
False
Does 98 divide 2977736?
False
Is 2196 a factor of 1670330304?
True
Is 6556725 a multiple of 2?
False
Is 30 a factor of 71605475?
False
Is 1391620 a multiple of 12?
False
Does 96 divide 3625632?
True
Is 31375952 a multiple of 778?
False
Does 176 divide 1262679?
False
Is 8 a factor of 2111779268?
False
Is 207835020 a multiple of 1808?
False
Is 3 a factor of 158869?
False
Is 445618772 a multiple of 270?
False
Is 362809437 even?
False
Does 1708 divide 741573?
False
Is 334581599 a multiple of 27?
False
Is 37482554 a multiple of 503?
True
Is 94 a factor of 329611634?
False
Is 47113651 a multiple of 103?
False
Is 7693 a factor of 492405851?
True
Does 359 divide 1210830892?
True
Is 1677 a factor of 49273614?
True
Does 6831 divide 2092369455?
True
Does 6 divide 637795666?
False
Is 143685906 a multiple of 904?
False
Is 92 a factor of 1494830191?
False
Is 6 a factor of 345037740?
True
Is 807419529 a multiple of 37?
False
Is 1125253800 a multiple of 120?
True
Is 2375 a factor of 49265279?
False
Does 7 divide 45165015?
True
Is 47926588 a multiple of 76?
True
Is 161071362 a multiple of 153?
True
Is 488195366 a multiple of 8509?
True
Is 1121932057 a multiple of 341?
False
Is 27 a factor of 855221630?
False
Is 178 a factor of 6661823353?
False
Does 26 divide 378243660?
False
Is 3154387 a multiple of 1401?
False
Is 6140921614 a multiple of 10726?
False
Is 53 a factor of 559228789?
False
Is 15575 a factor of 3896880575?
True
Is 7845374 even?
True
Does 181 divide 78767580?
True
Does 741 divide 154973592?
False
Is 1248 a factor of 3969429984?
True
Does 10 divide 429190602?
False
Does 66 divide 4259630879?
False
Does 195 divide 225521400?
True
Is 26423916 a multiple of 12?
True
Does 5 divide 4442481215?
True
Is 184082032 a multiple of 304?
True
Does 174 divide 183341464?
False
Is 895316497 a multiple of 13?
False
Is 6 a factor of 285121663?
False
Is 4069 a factor of 4033165148?
False
Is 1762544414 a multiple of 7?
False
Is 27 a factor of 32076696?
False
Does 10 divide 7782540910?
True
Is 228 a factor of 20842294?
False
Is 12 a factor of 79875948?
True
Is 51 a factor of 455771327?
False
Is 12 a factor of 93289032?
True
Is 15510086 a multiple of 30?
False
Is 255 a factor of 1305355455?
True
Is 9107152 a multiple of 16?
True
Is 92630764 a multiple of 13?
False
Is 184712371 a multiple of 389?
True
Is 1042376530 a multiple of 1738?
False
Is 44683646 a multiple of 14?
True
Is 141 a factor of 27573744?
False
Is 750928488 a multiple of 1851?
True
Does 735 divide 938774130?
False
Is 1412868443 a multiple of 133?
True
Does 2532 divide 158834892?
True
Is 6598 a factor of 1045119553?
False
Does 19 divide 2452369292?
True
Is 982 a factor of 28180454?
True
Does 64 divide 521311830?
False
Does 329 divide 42385399?
True
Is 195360 a multiple of 80?
True
Is 18855554 a multiple of 20?
False
Is 51096848 a multiple of 11?
True
Is 566 a factor of 543154542?
True
Is 171362636 a multiple of 31?
False
Is 31 a factor of 26984167?
True
Is 57139080 a multiple of 9?
False
Does 10 divide 64149382?
False
Does 531 divide 40192347?
False
Is 10261782 a multiple of 54?
True
Is 115 a factor of 1652543445?
True
Does 58 divide 84773156?
False
Is 92 a factor of 56063974?
False
Is 2 a factor of 10718263?
False
Is 2267 a factor of 9224423?
True
Does 196 divide 85717386?
False
Is 7118548 a multiple of 452?
True
Is 59995134 a multiple of 1054?
False
Is 726 a factor of 255789402?
True
Does 112 divide 7107158586?
False
Is 44 a factor of 55396168?
False
Is 1131026 a multiple of 26?
True
Does 313 divide 34533870?
False
Is 122 a factor of 123414294?
False
Is 4774193 a multiple of 479?
True
Is 128 a factor of 171475968?
True
Is 18139239 a multiple of 14?
False
Does 874 divide 945185142?
False
Is 401 a factor of 51626038?
False
Is 223976457 a multiple of 18?
False
Does 4218 divide 304834860?
True
Is 3787258 a multiple of 3?
False
Is 67 a factor of 26624039?
False
Does 209 divide 5983717?
False
Does 4840 divide 7375414640?
True
Is 15643298 a multiple of 374?
True
Is 4 a factor of 1144796312?
True
Is 328566550 a multiple of 10?
True
Is 13 a factor of 247226421?
True
Is 1540 a factor of 90638243?
False
Is 62893320 a multiple of 12?
True
Does 157 divide 343649136?
True
Is 288439798 a multiple of 65?
False
Is 119775552 a multiple of 312?
True
Is 29 a factor of 2935370?
False
Is 2 a factor of 27048431?
False
Is 39589259 a multiple of 199?
True
Is 44 a factor of 463299716?
True
Is 2847685 a multiple of 7?
False
Is 748322274 a multiple of 1088?
False
Is 17 a factor of 509446121?
False
Is 14 a factor of 37551668?
True
Does 431 divide 749308154?
True
Is 12 a factor of 120810833?
False
Does 1457 divide 524054486?
False
Is 699 a factor of 212920831?
False
Is 1510287562 a multiple of 2717?
False
Is 575049961 a multiple of 67?
False
Does 66 divide 48774?
True
Is 20 a factor of 121508420?
True
Is 12656114 a multiple of 739?
True
Is 3838102947 a multiple of 1056?
False
Is 302 a factor of 15246860?
False
Does 64 divide 6717905?
False
Is 998340932 a multiple of 288?
False
Does 9 divide 6516383?
False
Is 47189440 a multiple of 160?
True
Is 8 a factor of 89973592?
True
Is 520 a factor of 17288960?
True
Is 2249845 a multiple of 1597?
False
Does 221 divide 27335490?
True
Is 63 a factor of 25412940?
True
Is 84 a factor of 77478240?
True
Does 744 divide 24085512?
True
Does 4 divide 50302143?
False
Is 25512673 a multiple of 15?
False
Is 92 a factor of 876287396?
True
Does 61 divide 58965596?
False
Is 155 a factor of 483484763?
False
Is 5 a factor of 1070376365?
True
Is 15915781 a multiple of 293?
False
Is 66 a factor of 6122246?
False
Is 1936953753 a multiple of 30?
False
Does 55 divide 25038860?
True
Is 674 a factor of 357378390?
True
Is 1384063128 a multiple of 1329?
True
Is 4297930 a multiple of 10?
True
Does 770 divide 75716410?
True
Is 101 a factor of 9756499?
True
Does 219 divide 5117968?
False
Is 203408172 a multiple of 1188?
True
Is 721 a factor of 51130021?
False
Does 8 divide 87866848?
True
Is 484512627 a multiple of 1937?
False
Is 68465646 a multiple of 23?
False
Does 60 divide 2771123580?
True
Is 32437324 a multiple of 14?
False
Is 774291 a multiple of 2?
False
Does 6726 divide 293751324?
True
Does 5003 divide 4089642314?
True
Does 2353 divide 459785612?
True
Is 151103927 a multiple of 42?
False
Is 86796945 a multiple of 81?
False
Is 1890569 a multiple of 97?
False
Is 96359461 a multiple of 11?
True
Does 16 divide 38064421?
False
Does 237 divide 1971467775?
False
Is 66065196 a multiple of 366?
True
Does 4586 divide 13262666?
False
Does 369 divide 363332160?
True
Is 18315960 a multiple of 156?
True
Does 72 divide 2398691?
False
Is 25678050 a mul